 26 - w. List the prime factors of p.
7
Let m(j) be the first derivative of -5*j**4/2 + 2*j**2 + 2*j - 26. What are the prime factors of m(-3)?
2, 5, 13
Let x(g) = -g**3 - 15*g**2 + 34*g - 37. What are the prime factors of x(-18)?
17, 19
Let g(z) = 14*z**3 + 5*z**2 + 46. List the prime factors of g(5).
17, 113
Suppose -5*g + 56 = 2*y - y, 3*g = 5*y - 196. Let w = -13 + 0. Let t = y + w. What are the prime factors of t?
2, 7
Let h(c) = 230*c + 17. List the prime factors of h(2).
3, 53
List the prime factors of 3*35234/42 - (-14)/49.
3, 839
Let f = -5 - 45. Let w = 18 - f. List the prime factors of w.
2, 17
Let k(h) = 119*h**2 - 2*h + 2. Suppose 0 = 5*z - o - 0*o - 4, -z - 3*o + 4 = 0. What are the prime factors of k(z)?
7, 17
List the prime factors of ((-18 - -4)/(-7) - -3)*381.
3, 5, 127
Suppose -15603 = -11*n + 2558. List the prime factors of n.
13, 127
Let m be 24/18 + (-56)/6. What are the prime factors of 3/(-12) - 250/m?
31
Let g = -17 - -20. Suppose 0 = k + g*k + q - 17, -q - 1 = -2*k. What are the prime factors of (-2)/k - (-448)/24?
2, 3
Suppose 6*g = 11*g - 20. Let b(h) = 4*h - 5. Let j be b(g). Suppose 3*m = 6*m - 5*t - j, 2*m + 2*t = 18. What are the prime factors of m?
7
Let q(v) = -6*v**2 + v + 17 - v**3 + 19 - 39. What are the prime factors of q(-8)?
3, 13
Suppose -349 = -2*q + 55. List the prime factors of q.
2, 101
Suppose -2 = -u, -4*s - u + 14 = -s. What are the prime factors of (s/(-12))/(1/(-489))?
163
Let c(r) = -241*r + 810. List the prime factors of c(-19).
17, 317
Let v = -12 + 12. Let f(a) = a**3 + 231. What are the prime factors of f(v)?
3, 7, 11
Let o(a) = -11*a - 4. Let l be o(-3). Suppose -8*b + 2*s - 7 = -3*b, 5*s + l = -3*b. Let m(d) = 4*d**2 + 2*d + 1. List the prime factors of m(b).
31
Let g(i) = i**3 + 13*i**2 + 12*i - 3. Let t be g(-12). Let m = t + 5. Suppose 0 = -4*r - 8, 2*p - 64 = m*r + 3*r. List the prime factors of p.
3
Suppose -4*b - 8 = -28. Suppose 3*j = b*j - 4. Suppose -j*o = -o - 37. List the prime factors of o.
37
Suppose m - 2663 = -3*o - m, -o - 5*m + 905 = 0. Suppose 5*g + 1185 = z + 3*z, 3*g + o = 3*z. Suppose -a + z = 4*a. List the prime factors of a.
2, 29
Let y(c) = c**2 + 2*c + 2. Let x be y(-3). Suppose -n = -x*n. Suppose -4*a + 6*a - 40 = n. What are the prime factors of a?
2, 5
Let n(h) = 15*h**2 + 30*h - 14. List the prime factors of n(9).
1471
Let u = 1225 + -712. What are the prime factors of u?
3, 19
Suppose -2 - 13 = -5*j. Suppose -31 = -4*r - 4*f - j, 0 = -2*r + 4*f - 4. Suppose -3*m = -r*w + 2*w + 83, 97 = 3*w + m. List the prime factors of w.
2, 17
Let i(d) = -5*d + 3. Let z be i(3). What are the prime factors of (-58)/z*50 - (-1)/3?
2, 11
Let o = 2684 + -1871. What are the prime factors of o?
3, 271
What are the prime factors of (-942 - -941)*((-1)/1 + -347)?
2, 3, 29
Suppose 4*l + 442 = 2*a, -633 = -2*a - a - 4*l. List the prime factors of a.
5, 43
Let k(x) = 8*x**2 + 6*x - 21. Let w(r) = -14 - 7 + r + 1 + 5*r + 7*r**2. Let h(t) = 6*k(t) - 7*w(t). List the prime factors of h(-6).
2, 7
Let y be (-1 - 218/8)/(2/(-40)). Suppose p - 178 = -4*c, 3*p - 3*c + 76 = y. What are the prime factors of p?
2, 83
Suppose -o + 41 = 2*f, o + 6*f = 2*f + 45. Suppose 3*m + 4*h = -72, 2*m + 24 = m - 2*h. Let y = m + o. List the prime factors of y.
13
Let i = 2746 - 1480. What are the prime factors of i?
2, 3, 211
Suppose -1 - 23 = -4*m. Let i = 4 - m. What are the prime factors of (1/i)/((-4)/104)?
13
Let v be (3 - -1) + (2 - 7). What are the prime factors of 410/3 + (v - 4/(-12))?
2, 17
Suppose 8*d - 3*r - 2024 = 7*d, 3*r = -3*d + 6048. What are the prime factors of d?
2, 1009
Let a = 3 + 38. List the prime factors of (a - 26)*(-76)/(-6).
2, 5, 19
Let w = -59 + 64. Suppose -410 = w*b - 10*b. List the prime factors of b.
2, 41
What are the prime factors of (-2)/27 - (-1546483)/783?
5, 79
Suppose -28679 = 14*i - 31*i. List the prime factors of i.
7, 241
Let u = -829 + 1554. What are the prime factors of u?
5, 29
Suppose 5*n + 71 = 216. Suppose -n*c + 34*c = 155. List the prime factors of c.
31
List the prime factors of (2/6)/((-27)/(-48357)).
3, 199
Let r(s) = 4*s**2 - s + 1. Let b be r(2). Let u = b - 15. Suppose -100 = -2*z - 4*l, 2*l + u*l = -5*z + 218. List the prime factors of z.
2, 3, 7
Let k(q) = -q**2 + 20*q - 12. Let s be k(8). Suppose 0 = -3*p + 15, -2*g - g - 3*p + s = 0. List the prime factors of g.
23
Suppose -7*r + 8*r - 5 = 0. Suppose r*a - 2*z = 387, 0*z - 3*z = -4*a + 304. List the prime factors of a.
79
Let x(p) = -p**2 - p + 3. Let b be x(-5). Let z = -15 - b. Suppose 4*h = -4*v + 120, 3*h - 72 = -z*v - 2*h. What are the prime factors of v?
2, 13
Let v(b) = -3*b + 9. Let l(k) = -k**3 + 10*k**2 - 2*k + 11. Let r(d) = -d**3 + 7*d**2 - 3*d - 8. Let f be r(6). Let z be l(f). List the prime factors of v(z).
2, 3
Let l = 1 - -4. Suppose -3*i + 2*i = 4*o - 1494, -5*o + 7425 = l*i. What are the prime factors of i/30 - 2/5?
7
Let p(z) = -115*z + 78. List the prime factors of p(-10).
2, 307
Let j be 419*(-7 - -2 - -4). Let r be 3 - j - (-6)/(-3). Suppose 5*f + 155 = r. What are the prime factors of f?
53
Suppose 121*k - 493829 = -68151. What are the prime factors of k?
2, 1759
What are the prime factors of ((-2112)/(-30))/(2/5)?
2, 11
Suppose 72*a - 70*a = -2. Let j(w) = 237*w**2 - 2*w - 2. What are the prime factors of j(a)?
3, 79
Let o = -78 - -88. What are the prime factors of (195/o)/((-9)/(-24))?
2, 13
Let r = -2026 - -3359. List the prime factors of r.
31, 43
Let p be 850/16 - (-4)/(-32). Let u = p - -2. List the prime factors of u.
5, 11
List the prime factors of (2084/(-10))/(37/((-3700)/8)).
5, 521
Let o = 2270 - 33. What are the prime factors of o?
2237
Suppose -3*n - 5*f = -11, 0 = -4*n - 4*f + 4 + 8. Let i be (3/15*0)/3. Suppose -y - 3*m = -0 - 10, -4*y + n*m + 82 = i. What are the prime factors of y?
19
Let l(o) = -o**3 - 8*o**2 - 8*o + 1. Let j be l(-5). Let a = j + 176. What are the prime factors of a?
2, 71
Let j(p) = 2*p - 3 - 4 - 6*p. Suppose 2*d - 3*d - 23 = -5*o, 3*d + 4*o + 12 = 0. What are the prime factors of j(d)?
5
Suppose 720*r = 718*r + 912. What are the prime factors of r?
2, 3, 19
Let w be -1*(-4)/(-8)*(-1 + 1). Let m(x) = x**2 + 5*x + 75. List the prime factors of m(w).
3, 5
Let m(r) = 14*r - 10. Let l(n) = -n. Let v be l(-3). Suppose 12 - v = 3*o. List the prime factors of m(o).
2
Let j(g) = 4*g + 21 - 3 - 2*g. Let h = 593 - 582. List the prime factors of j(h).
2, 5
List the prime factors of -36*(-174)/20 - (-28)/(-140).
313
What are the prime factors of 113 - (0 - (-3)/(-6))*2?
2, 3, 19
Suppose -7*n + 40 = -6*n. Suppose p + n = 5*f, -4*f + 5 + 28 = -p. List the prime factors of f.
7
Suppose -4*s - 5 = -y, s = -y + 4 + 1. Let m = s + 5. Suppose 4*t = c + 32, 42 = 5*t - m*c - 13. List the prime factors of t.
7
Let o(u) = -15*u + 6. What are the prime factors of o(-15)?
3, 7, 11
Let m = 4 + 0. Suppose 2 = 2*p, 4*n + 0*p + m*p - 4 = 0. Suppose 4*w + 3 - 59 = n. List the prime factors of w.
2, 7
Let f(b) = b**3 + 2*b**2 + 5*b + 92. What are the prime factors of f(9)?
2, 257
Let p(d) = -227*d - 129. List the prime factors of p(-4).
19, 41
Let a = -32 + 38. Suppose a = 2*g - 26. What are the prime factors of g?
2
Let l be (-1 + 1)/(1 + -3). Let m(o) be the first derivative of -o**4/4 + o**3/3 - o**2/2 + 34*o + 24. List the prime factors of m(l).
2, 17
What are the prime factors of (774/(-4))/(-1*(-42)/(-28))?
3, 43
Let m = 45 - 45. Suppose -p - 85 + 253 = m. What are the prime factors of p?
2, 3, 7
Let d = -487 - -692. List the prime factors of d.
5, 41
Suppose 3*k + 9 = 6*k, 3*l = 4*k + 33. Suppose -j - l + 134 = 0. List the prime factors of j.
7, 17
Suppose -4*v + 3*v = 3*s - 430, -5*s = 0. What are the prime factors of v?
2, 5, 43
Let m(v) = -10*v + v - 3 + 0*v + 7. List the prime factors of m(-6).
2, 29
Let g = 2526 - 1209. List the prime factors of g.
3, 439
Suppose 2*d + 12 = 2*z, -2*z + d + 13 - 3 = 0. List the prime factors of (z/5)/(2/155).
2, 31
Let c(o) = -o**3 + o**2 + 7*o - 3. Let u be c(-4). Suppose 0 = 4*f - 2*f + 2*t - 32, -4*f - 3*t = -69. Let m = u - f. What are the prime factors of m?
2, 7
Suppose 6 + 9 = 5*q. Suppose 5 = q*r - 1. Suppose r*y = y + 30. What are the prime factors of y?
2, 3, 5
Let f(m) = -m**2 - 7*m - 13. Let u(c) = -c**2 -